k*m(w) - 5*s(w). Determine a(-5).
-2
Let j(n) = -8*n**3 - n**2 - n - 1. Let z = -15 - -14. Determine j(z).
7
Let m(o) = o**3 + o**2 - o + 1. Let z be -2 + -4*(1 - 2). Let f be 4/(-4) - z - -3. Give m(f).
1
Let z(w) = -7*w + 23. Let v(b) = 3*b - 11. Let i(f) = 13*v(f) + 6*z(f). What is i(-5)?
10
Let k = 110 - 102. Let u(p) = p**3 - 7*p**2 - 8*p + 7. Give u(k).
7
Let v(s) be the second derivative of -s**2 + 0 + 4*s - 1/3*s**3 + 1/4*s**4 - 1/20*s**5. Give v(2).
-2
Let g(a) = 7*a + 1. Let c(f) = -2 + 1 + 2*f + 4*f + 3. Let l(q) = 6*c(q) - 5*g(q). Give l(0).
7
Let x(z) = z**2 - 7*z + 9. Let q(t) = t**3 + 11*t**2 - 3*t - 27. Let o be q(-11). Give x(o).
3
Suppose 27*z + 42 = 20*z. Let m(d) = d**2 + 5*d - 4. Determine m(z).
2
Let w(m) = -15 + m + 10 + 2. Determine w(-3).
-6
Let i(q) = -q - 5. Let y(a) = -8*a + 2*a**2 - a**2 + 7 - 1. Let j be y(7). Let o(p) = p**3 + p**2 + p + 1. Let u be o(j). Calculate i(u).
-5
Let j = -13 + 11. Let r(s) = -s**3 + s**2 - 2*s - 2. Give r(j).
14
Let l(t) = -t**3 + 3*t**2 - 3*t + 2. Suppose -3*m + 21 = m - 3*x, 0 = 5*m + 4*x - 34. Let u be 14/6 - 2/m. Suppose -u*s + 4 = -0*s. Calculate l(s).
0
Let m(l) = 5*l**3 - l**2 + 2*l - 1. Let s(y) = -y**3 + y**2 - y + 1. Let p(z) = m(z) + 6*s(z). Determine p(4).
5
Let z be 6/15 - (-24)/(-10). Let g(s) = -6*s**2 + s - 1. Let r be g(z). Let m be (-2)/9 - 60/r. Let q(l) = 4*l. What is q(m)?
8
Let j(b) be the first derivative of -b**4/4 + b**2 + b - 30. Let v be -2*1 + (-1 - -1). Calculate j(v).
5
Let h(b) = b. Let x be h(-3). Let g(i) = 5*i**3 + 3*i**2 + 2*i - 3. Let z(l) = -l**3 - l + 1. Let r be 6/21 + 156/42. Let v(c) = r*z(c) + g(c). Determine v(x).
7
Suppose -n = -a - 2*a - 13, -n + 1 = 0. Let q = -2 + a. Let h(o) = -o - 11. Give h(q).
-5
Let u(z) = -5*z + 3. Let q(j) = 11*j - 6. Let o(r) = -4*q(r) - 9*u(r). Suppose -5*k - 3 = -38. What is o(k)?
4
Let p(f) = -f**3 - 9*f**2 - 9*f - 9. Let z = -19 + 11. Give p(z).
-1
Let o(v) = 0*v**2 + 19 - 12*v + v**2 + 0*v**2 - 8. What is o(11)?
0
Suppose -23 = -4*n + 5. Let p(j) = 3*j - 8. Calculate p(n).
13
Let w(h) = h**3 + 2*h**2 - 3*h + 1. Let o(y) = -4*y + 5. Suppose -5*j + 4 = -6. Let f be o(j). Give w(f).
1
Let g(o) = 3*o - 5*o - 5 + 2 - o. Calculate g(-3).
6
Let y = 3 - 2. Let c(a) = 1. Let g(s) = -s + 5. Let d(b) = y*g(b) - 5*c(b). Suppose -4*f + 2*f = -8. Give d(f).
-4
Let q(c) = -c**3 + 504*c**2 + 2 + 2*c**3 - 512*c**2. Calculate q(8).
2
Suppose 0 = -2*w + 12 - 4. Let t(z) = 3*z - 4*z**3 + 5*z**3 + z**2 + w*z**2. Calculate t(-2).
6
Let h(l) = -6*l**3 + 11*l**2 + l - 10. Let y(b) = b**3 - b**2 + 1. Let k(z) = h(z) + 5*y(z). What is k(6)?
1
Let b = 7 - 3. Let k = 5 - b. Let u(r) be the third derivative of -r**5/15 - r**4/24 - r**2. What is u(k)?
-5
Let b(m) = -5*m**3 - 2*m**2 + 5*m - 3. Let o be b(1). Let q(u) = -1 + u**3 + 4 + 4*u + 6*u**2 + 0. What is q(o)?
8
Suppose 2*r = -5 + 1. Let g(t) = -1 + 0 + 4 + 3*t. Give g(r).
-3
Suppose 0 = 2*s + k - 6, 15 + 11 = 5*s - 3*k. Suppose 0*m + 16 = s*m. Let x(r) = 2*r**2 - 6*r. Calculate x(m).
8
Let z(g) = 8*g**3 - 6*g - 7*g**3 - 2*g - 4 + 7*g**2. What is z(-8)?
-4
Let d(r) = -r**3 + 7*r**2 + 2. Suppose -13*o + 56 = -5*o. What is d(o)?
2
Suppose -s - s + 6 = 0. Let p(h) = h**3 + h**2 - 4*h + 2. Let o(k) = k**3 + 2*k**2 - 4*k + 2. Let i(w) = -2*o(w) + 3*p(w). Give i(s).
8
Suppose 26 = -5*x - 9. Let y(o) = o**2 + 8*o. What is y(x)?
-7
Let m(o) = -9*o**3 + o**2. Suppose 0 = -6*k + 6. Give m(k).
-8
Suppose -5*n = -2*l + 5, -3*l + 2*n = -7 - 6. Suppose 94 = l*f + 4*c, 1 + 3 = 4*c. Suppose 21 = -3*x - 4*p, 0*x = x + 5*p + f. Let u(a) = a + 3. Calculate u(x).
0
Let g(l) = -l**3 + 7*l**2 - 4*l - 6. Let j = 39 - 34. Determine g(j).
24
Let m(o) be the second derivative of 0 + 9/2*o**2 - 4/3*o**3 + 7/12*o**4 - 1/20*o**5 + 9*o. Calculate m(6).
-3
Suppose -5*o - 4*l + 36 = 6, -10 = -2*l. Let m be (-6 - (o - 4))/(-2). Suppose 4*q = m + 6. Let p(h) = -h**3 + h**2 - 2*h + 1. What is p(q)?
-7
Let f(t) be the third derivative of -t**4/24 - 11*t**3/6 + 5*t**2. Determine f(-5).
-6
Let v(a) = 6*a**2 + 2*a - 10*a**2 + 6*a**2 - 8*a**3 + 9*a**3. Determine v(-2).
-4
Let h = 56 - 64. Let m(y) = -y**3 - 7*y**2 + 8*y + 3. Give m(h).
3
Let z(n) = -4 + 4*n**3 - 2*n + n**3 - 3*n**2 + 0*n - 4*n**3. Give z(4).
4
Let l(s) = -s**2 + 5*s + 3. Let x = -8 - -14. Let n be l(x). Let c(d) = -d**3 + d**2 + 3*d + 1. Let a(t) = -t**2. Let q(y) = 4*a(y) + c(y). What is q(n)?
-8
Let r be 1*8/(-6)*3. Let h(a) = 3*a**2 - 2*a + 7. Let z be (-14)/(-1)*7/(-14). Let s(o) = -5*o**2 + 4*o - 13. Let g(x) = z*h(x) - 4*s(x). Determine g(r).
-5
Let n be (-3)/6*2 - -2. Suppose 0*p + 2*p = 0. Let b(w) = 2*w - 1 - w + p. Give b(n).
0
Let t(c) be the first derivative of -c**3/3 + c**2/2 - 4*c + 1. Let v(a) = -7*a + 59. Let q be v(8). What is t(q)?
-10
Let q(u) = 12*u + 3. Let f(d) = -13*d - 2. Let w(j) = 4*f(j) + 3*q(j). What is w(1)?
-15
Suppose 11 = -c - 3*y, 7*c - 2*c + 2*y + 3 = 0. Let w(o) = -2*o - 1. What is w(c)?
-3
Let j(f) = 0*f**3 - f**3 + 4*f**2 + 1 + 2*f**3. Let o(h) = h**2 + 14*h - 35. Let t be o(-16). Calculate j(t).
10
Let j = 164 + -169. Let z(t) = t + 5. Determine z(j).
0
Let x(u) be the second derivative of -u**4/12 - u**3/6 + 3*u. Let k = 0 + 1. Suppose -k = -b - 3. What is x(b)?
-2
Suppose -z + 2*z + 2 = 0, -z = 4*s - 18. Let f(m) be the first derivative of -m**3/3 + 3*m**2 - 5*m - 1. Give f(s).
0
Let r(v) = -9*v**2 - 5*v - 7. Let o(w) = -4*w**2 - 3*w - 3. Let z(y) = 2*y + 11. Let q be z(-9). Let f(j) = q*o(j) + 3*r(j). Determine f(-5).
-5
Suppose g + 5*g - 3*g = 0. Let l(d) be the second derivative of -d**2 - 2*d + 1/6*d**3 + g. Determine l(2).
0
Let l(z) be the third derivative of -z**5/60 - z**4/24 - 5*z**3/6 + 11*z**2. Determine l(0).
-5
Let q = 9 - 7. Let h(z) = 1 - z - q + 9. What is h(4)?
4
Let b(j) = j**2 + j. Let h be b(0). Let v(f) = -f - 7 - 8 + 17 - f**2. What is v(h)?
2
Let z(a) = -7*a**3 - 3*a**2 + 1. Let d(p) = p - 2 + 3*p**3 + 5*p**3 + 4*p**2 - p**3. Let j(u) = -2*d(u) - 3*z(u). Give j(1).
7
Let h(p) = -1. Let z(q) = q - 20. Let m(s) = 3*h(s) - z(s). Let n be (18/(-8) - (-5)/20) + 2. What is m(n)?
17
Suppose 0 = -3*o + 4*o. Let d(t) = o*t**3 - t**3 + 2 + 29*t**2 + 2*t - 26*t**2. Let n = -7 + 11. Calculate d(n).
-6
Suppose 0 = -2*g + 4*h, 4*h = 3*g + h. Suppose g = -0*q - 3*q + 12. Suppose 5*v - 3*v - 26 = 4*u, q*v = 2*u + 22. Let z(f) = -f**2 - 5*f + 2. Determine z(u).
2
Let p(j) = -j**3 + 7*j**2 - 6*j + 9. Let b(l) = -l**2 + 9*l - 2. Let z be b(8). What is p(z)?
9
Let r = 42 - 43. Let x(w) = 7*w**3 - 2*w**2 - w. What is x(r)?
-8
Let g(n) = -n - 5*n - 2*n**2 - 5 - 2*n**2 + 2*n**3 - n**3. What is g(5)?
-10
Let h = -8 + 11. Let l(n) = -n - 2. Calculate l(h).
-5
Let d(y) be the first derivative of -2*y**3/3 + y**2 + 4*y - 12. What is d(3)?
-8
Let t(s) = s - 1. Let u be t(3). Let h(w) = -w - 1. Let k(x) = 4*x + 5. Suppose -3 + 13 = -5*o. Let y(m) = o*k(m) - 11*h(m). Give y(u).
7
Let l(q) = -43*q + 0 + 4 + 44*q. Give l(-6).
-2
Let x(b) = -b - 5 - 1 + 0. Suppose -2 = -2*z + n, n = 2*z + 3*n - 8. Suppose d - 4*d = 3*u, 3*u = z*d. Calculate x(u).
-6
Suppose 0 = -f - 0*f. Let t be (5/3 + f)*3. Let i(z) = -2 - t*z + 3*z + 1. Determine i(-2).
3
Let y(l) = -5*l**2 - 3*l + 3*l**3 - 2*l**3 - 2*l**3 + 3. Let h(k) = k**2 + 2*k - 3. Let a be h(-3). Suppose -3*m - 9 = -a. Calculate y(m).
-6
Let z = 10 - 19. Let d(t) = -2*t - 12. Give d(z).
6
Let h(l) be the second derivative of -1/6*l**3 + 0 + 0*l**2 - 2*l. Give h(5).
-5
Let g(a) = -a**3 + 5*a**2 - a + 4. Suppose 30 = -v + 4*v. Suppose -4*b - 46 - v = 0. Let w = -9 - b. What is g(w)?
-1
Let a(f) = -f + 8. Let m be a(8). Let w(q) be the first derivative of -2 + 1/3*q**3 - 6*q + 1/2*q**2. Give w(m).
-6
Let t(s) = s**3 - 3*s**2 - 2*s + 3. Let o be t(3). Let r(a) = a - 2. Give r(o).
-5
Let a(j) = -4*j**3 + 5*j**2 - 8*j + 1. Let b be (-1 - -7) + -1*2. Let g(h) = -3*h**3 + 4*h**2 - 7*h + 1. Let m(v) = b*a(v) - 5*g(v). What is m(2)?
-3
Let i = 16 - 11. Let t(f) = -f**3 + 4*f**2 + 5*f + 3. Calculate t(i).
3
Let o(j) = j**2 - 3. Let h be o(3). Let y(f) = 4 + 3 - h - 2*f. Let x be 1/2*(-2 - -4). Give y(x).
-1
Let p(r) be the third derivative of r**5/30 - r**4/8 - r**3/6 - 3*r**2. Suppose -4*q = q - 20, 3*u + 4*q = 25. Calculate p(u).
8
Let i(u) = -2*u**2 - 3*u - 4. Let d = -136 - -133. Deter